2, 223, 887
List the prime factors of 26860751.
26860751
What are the prime factors of 267981?
3, 7, 1823
List the prime factors of 347708.
2, 86927
List the prime factors of 652956.
2, 3, 54413
List the prime factors of 1374339.
3, 29, 15797
What are the prime factors of 1582970?
2, 5, 59, 2683
List the prime factors of 1520473.
1520473
List the prime factors of 2699312.
2, 7, 11, 313
What are the prime factors of 3329636?
2, 19, 193, 227
List the prime factors of 7735330.
2, 5, 773533
List the prime factors of 41109.
3, 71, 193
What are the prime factors of 8499872?
2, 265621
List the prime factors of 1242940.
2, 5, 29, 2143
List the prime factors of 39299.
13, 3023
What are the prime factors of 439927?
89, 4943
List the prime factors of 11074835.
5, 2214967
What are the prime factors of 117943?
7, 29, 83
What are the prime factors of 4415839?
23, 37, 5189
List the prime factors of 163485.
3, 5, 7, 173
List the prime factors of 14388871.
7, 19, 108187
What are the prime factors of 1780179?
3, 41, 353
List the prime factors of 497095.
5, 37, 2687
What are the prime factors of 14894913?
3, 11, 451361
List the prime factors of 816390.
2, 3, 5, 47, 193
What are the prime factors of 30319357?
4283, 7079
What are the prime factors of 3010696?
2, 13, 28949
List the prime factors of 601551.
3, 89, 751
List the prime factors of 7564868.
2, 31, 61007
What are the prime factors of 31401194?
2, 11, 129757
List the prime factors of 32139.
3, 3571
List the prime factors of 76302.
2, 3, 157
List the prime factors of 2363741.
2363741
What are the prime factors of 9563299?
17, 33091
List the prime factors of 6887369.
821, 8389
List the prime factors of 17667704.
2, 2208463
What are the prime factors of 284986?
2, 13, 97, 113
What are the prime factors of 7948520?
2, 5, 17, 11689
What are the prime factors of 1355781?
3, 7, 23, 401
List the prime factors of 97761.
3, 32587
List the prime factors of 524308.
2, 23, 41, 139
What are the prime factors of 10290098?
2, 7, 13, 41, 197
List the prime factors of 3238859.
13, 249143
List the prime factors of 1691947.
29, 41, 1423
What are the prime factors of 10942156?
2, 1439, 1901
List the prime factors of 391387.
391387
What are the prime factors of 103888?
2, 43, 151
List the prime factors of 183208.
2, 22901
What are the prime factors of 1733955?
3, 5, 115597
List the prime factors of 1181367.
3, 11, 11933
List the prime factors of 439184.
2, 27449
What are the prime factors of 9636245?
5, 1927249
List the prime factors of 4382998.
2, 131, 16729
What are the prime factors of 389019?
3, 31, 47, 89
List the prime factors of 7376983.
7376983
List the prime factors of 10223250.
2, 3, 5, 43, 317
List the prime factors of 1745499.
3, 7, 43, 1933
List the prime factors of 737294.
2, 368647
List the prime factors of 3453703.
11, 17, 23, 73
List the prime factors of 676206.
2, 3, 37567
List the prime factors of 668086.
2, 334043
What are the prime factors of 134877?
3, 44959
What are the prime factors of 1264259?
1264259
List the prime factors of 170453.
23, 7411
What are the prime factors of 272588?
2, 68147
What are the prime factors of 81934?
2, 71, 577
What are the prime factors of 249691?
13, 19207
List the prime factors of 48325.
5, 1933
List the prime factors of 158148.
2, 3, 23, 191
What are the prime factors of 12344390?
2, 5, 1234439
What are the prime factors of 277487?
7, 809
List the prime factors of 198855.
3, 5, 491
List the prime factors of 743778.
2, 3, 7, 5903
What are the prime factors of 7998613?
7, 239, 683
What are the prime factors of 293912?
2, 36739
List the prime factors of 131618.
2, 65809
What are the prime factors of 21750259?
17, 1279427
What are the prime factors of 95339?
95339
List the prime factors of 2153096.
2, 11, 43, 569
List the prime factors of 411959.
31, 97, 137
List the prime factors of 655593.
3, 218531
List the prime factors of 6754612.
2, 43, 173, 227
List the prime factors of 2016231.
3, 7, 67, 1433
What are the prime factors of 3293394?
2, 3, 13, 42223
List the prime factors of 400234.
2, 200117
List the prime factors of 23329036.
2, 19, 89, 3449
What are the prime factors of 2159621?
2159621
List the prime factors of 1613021.
509, 3169
List the prime factors of 2671798.
2, 1335899
List the prime factors of 1122073.
167, 6719
List the prime factors of 614698.
2, 7, 23, 83
List the prime factors of 1700661.
3, 67, 8461
What are the prime factors of 1547711?
11, 12791
List the prime factors of 308326.
2, 31, 4973
What are the prime factors of 334298?
2, 167149
List the prime factors of 829609.
11, 53, 1423
What are the prime factors of 890393?
7, 311, 409
What are the prime factors of 2589431?
13, 139, 1433
What are the prime factors of 17124505?
5, 3424901
List the prime factors of 575871.
3, 19, 10103
List the prime factors of 22826533.
269, 84857
List the prime factors of 45659.
45659
List the prime factors of 21972527.
43, 510989
What are the prime factors of 1527798?
2, 3, 23, 11071
List the prime factors of 1677806.
2, 13, 47, 1373
What are the prime factors of 4240744?
2, 530093
List the prime factors of 332263.
332263
What are the prime factors of 1931735?
5, 13, 113, 263
List the prime factors of 148898.
2, 74449
List the prime factors of 1186638.
2, 3, 197773
What are the prime factors of 6609177?
3, 71, 10343
List the prime factors of 442094.
2, 221047
List the prime factors of 2295545.
5, 7, 65587
What are the prime factors of 4447001?
13, 342077
What are the prime factors of 168279?
3, 56093
What are the prime factors of 2532833?
19, 109, 1223
List the prime factors of 236824.
2, 7, 4229
List the prime factors of 8778309.
3, 2926103
List the prime factors of 267810.
2, 3, 5, 79, 113
List the prime factors of 10531960.
2, 5, 251, 1049
List the prime factors of 292763.
47, 6229
What are the prime factors of 2188499?
617, 3547
What are the prime factors of 2396448?
2, 3, 53, 157
List the prime factors of 411392.
2, 1607
What are the prime factors of 4466289?
3, 1488763
What are the prime factors of 2989043?
2989043
What are the prime factors of 562902?
2, 3, 23, 4079
What are the prime factors of 509553?
3, 11, 5147
What are the prime factors of 9238559?
11, 29, 28961
What are the prime factors of 5467628?
2, 1366907
What are the prime factors of 148757?
7, 79, 269
List the prime factors of 1850845.
5, 370169
List the prime factors of 284009.
11, 25819
List the prime factors of 2517569.
443, 5683
What are the prime factors of 8392307?
7, 11, 108991
What are the prime factors of 529270?
2, 5, 7, 7561
List the prime factors of 63734.
2, 11, 2897
List the prime factors of 337750.
2, 5, 7, 193
What are the prime factors of 9958872?
2, 3, 7, 11, 17, 317
What are the prime factors of 17350800?
2, 3, 5, 19, 761
What are the prime factors of 1372701?
3, 11, 41597
What are the prime factors of 790314?
2, 3, 7, 31, 607
List the prime factors of 10839317.
1049, 10333
What are the prime factors of 419715?
3, 5, 3109
List the prime factors of 374298.
2, 3, 62383
What are the prime factors of 2433048?
2, 3, 101377
What are the prime factors of 143720?
2, 5, 3593
What are the prime factors of 1112671?
7, 23, 6911
List the prime factors of 3253299.
3, 7, 37, 53, 79
What are the prime factors of 328471?
11, 13, 2297
What are the prime factors of 42800?
2, 5, 107
List the prime factors of 17988117.
3, 7, 19, 45083
List the prime factors of 2819831.
7, 103, 3911
List the prime factors of 3389539.
3389539
List the prime factors of 1268414.
2, 7, 43
List the prime factors of 3814029.
3, 423781
What are the prime factors of 4798706?
2, 11, 59, 3697
What are the prime factors of 11639613?
3, 41, 173, 547
What are the prime factors of 2289765?
3, 5, 23, 6637
List the prime factors of 502576.
2, 101, 311
What are the prime factors of 783294?
2, 3, 19, 6871
List the prime factors of 25851336.
2, 3, 7, 153877
List the prime factors of 1701057.
3, 23, 89, 277
List the prime factors of 543291.
3, 7, 41, 631
What are the prime factors of 25287?
3, 8429
What are the prime factors of 327630?
2, 3, 5, 67, 163
What are the prime factors of 14882235?
3, 5, 643, 1543
What are the prime factors of 36822223?
41, 61, 14723
What are the prime factors of 8901351?
3, 227, 4357
List the prime factors of 2